{"id":793,"date":"2025-08-13T12:33:28","date_gmt":"2025-08-13T12:33:28","guid":{"rendered":"https:\/\/labs.uthscsa.edu\/rsh\/?page_id=793"},"modified":"2026-02-09T18:42:26","modified_gmt":"2026-02-09T18:42:26","slug":"agenda","status":"publish","type":"page","link":"https:\/\/labs.uthscsa.edu\/rsh\/agenda\/","title":{"rendered":"Agenda"},"content":{"rendered":"<div class=\"wpb-content-wrapper\"><p>[vc_row][vc_column width=&#8221;2\/3&#8243;][vc_column_text css=&#8221;&#8221;]The first session begins at 4:30 PST on Wednesday and the conference concludes with the awards banquet on Friday night.<\/p>\n<p>2026 speakers from academia and industry include:<\/p>\n<ul>\n<li><strong>Ryan Abdella<\/strong>, University of Minnesota, USA<\/li>\n<li><strong>Sarat Chandarlapaty<\/strong>, Memorial Sloan Kettering Cancer Center, USA<\/li>\n<li><strong>Javier Di Noia<\/strong>, Montreal Clinical Research Institute (IRCM), Canada<\/li>\n<li><strong>Catriona Jamieson<\/strong>, University of California San Diego, USA<\/li>\n<li><strong>Ben Kleinstiver<\/strong>, Massachusetts General Hospital &amp; Harvard University, USA<\/li>\n<li><strong>Rahul Kohli<\/strong>, University of Pennsylvania, USA<\/li>\n<li><strong>Audrey Lapinaite<\/strong>, University of California Irvine, USA<\/li>\n<li><strong>Brian Liau<\/strong>, Harvard University, USA<\/li>\n<li><strong>Prashant Mali<\/strong>, University of California San Diego, USA<\/li>\n<li><strong>Shannon Miller<\/strong>, Scripps Research Institute, USA<\/li>\n<li><strong>Greg Newby<\/strong>, Johns Hopkins University, USA<\/li>\n<li><strong>Krzysztof Palczewski<\/strong>, University of California Irvine, USA<\/li>\n<li><strong>Giulia Palermo<\/strong>, University of California Riverside, USA<\/li>\n<li><strong>Nina Papavasiliou<\/strong>, Deutsches Krebsforschungszentrum (DKFZ), Germany<\/li>\n<li><strong>Yi Sun<\/strong>, New England Biolabs, USA<\/li>\n<li><strong>L\u00f3r\u00e1nt Sz\u00e9kv\u00f6lgyi<\/strong>, University of Debrecen, Hungary<\/li>\n<li><strong>Carl Walkley<\/strong>, Hudson Institute of Medical Research &amp; Monash University, Australia<\/li>\n<\/ul>\n<p>[\/vc_column_text][\/vc_column][vc_column width=&#8221;1\/3&#8243;]<div class=\"panel outline\"><nav aria-label=\"Conference links sub-navigation\" class=\"collapsible subnav\"><ul id=\"menu-conference-links\" class=\"subnav leaf\" data-accordion-menu><li id=\"menu-item-796\" class=\"menu-item menu-item-type-post_type menu-item-object-page menu-item-796\"><a href=\"https:\/\/labs.uthscsa.edu\/rsh\/deaminet\/\">Event Overview<\/a><\/li>\n<li id=\"menu-item-797\" class=\"menu-item menu-item-type-post_type menu-item-object-page menu-item-797\"><a href=\"https:\/\/labs.uthscsa.edu\/rsh\/committee\/\">Committee<\/a><\/li>\n<li id=\"menu-item-820\" class=\"menu-item menu-item-type-post_type menu-item-object-page menu-item-820\"><a href=\"https:\/\/labs.uthscsa.edu\/rsh\/sponsorship\/\">Sponsorship<\/a><\/li>\n<li id=\"menu-item-799\" class=\"menu-item menu-item-type-post_type menu-item-object-page menu-item-799\"><a href=\"https:\/\/labs.uthscsa.edu\/rsh\/registration\/\">Registration<\/a><\/li>\n<li id=\"menu-item-800\" class=\"menu-item menu-item-type-post_type menu-item-object-page menu-item-800\"><a href=\"https:\/\/labs.uthscsa.edu\/rsh\/abstracts\/\">Abstracts<\/a><\/li>\n<li id=\"menu-item-801\" class=\"menu-item menu-item-type-post_type menu-item-object-page menu-item-801\"><a href=\"https:\/\/labs.uthscsa.edu\/rsh\/lodging\/\">Lodging<\/a><\/li>\n<li id=\"menu-item-802\" class=\"menu-item menu-item-type-post_type menu-item-object-page menu-item-802\"><a href=\"https:\/\/labs.uthscsa.edu\/rsh\/agenda\/\">Agenda<\/a><\/li>\n<\/ul><\/nav><\/div>[\/vc_column][\/vc_row]<\/p>\n<\/div>","protected":false},"excerpt":{"rendered":"<p>[vc_row][vc_column width=&#8221;2\/3&#8243;][vc_column_text css=&#8221;&#8221;]The first session begins at 4:30 PST on Wednesday and the conference concludes with the awards banquet on Friday night. 2026 speakers from academia and industry include: Ryan Abdella, University of Minnesota, USA Sarat Chandarlapaty, Memorial Sloan Kettering Cancer Center, USA Javier Di Noia, Montreal Clinical Research Institute (IRCM), Canada Catriona Jamieson, University [&hellip;]<\/p>\n","protected":false},"author":45,"featured_media":0,"parent":0,"menu_order":0,"comment_status":"closed","ping_status":"closed","template":"page-templates\/child-page.php","meta":{"footnotes":""},"categories":[],"class_list":["post-793","page","type-page","status-publish","hentry"],"yoast_head":"<!-- This site is optimized with the Yoast SEO plugin v27.2 - https:\/\/yoast.com\/product\/yoast-seo-wordpress\/ -->\n<title>Agenda - Harris Lab<\/title>\n<meta name=\"robots\" content=\"index, follow, max-snippet:-1, max-image-preview:large, max-video-preview:-1\" \/>\n<link rel=\"canonical\" href=\"https:\/\/labs.uthscsa.edu\/rsh\/agenda\/\" \/>\n<meta property=\"og:locale\" content=\"en_US\" \/>\n<meta property=\"og:type\" content=\"article\" \/>\n<meta property=\"og:title\" content=\"Agenda - Harris Lab\" \/>\n<meta property=\"og:description\" content=\"[vc_row][vc_column width=&#8221;2\/3&#8243;][vc_column_text css=&#8221;&#8221;]The first session begins at 4:30 PST on Wednesday and the conference concludes with the awards banquet on Friday night. 2026 speakers from academia and industry include: Ryan Abdella, University of Minnesota, USA Sarat Chandarlapaty, Memorial Sloan Kettering Cancer Center, USA Javier Di Noia, Montreal Clinical Research Institute (IRCM), Canada Catriona Jamieson, University [&hellip;]\" \/>\n<meta property=\"og:url\" content=\"https:\/\/labs.uthscsa.edu\/rsh\/agenda\/\" \/>\n<meta property=\"og:site_name\" content=\"Harris Lab\" \/>\n<meta property=\"article:modified_time\" content=\"2026-02-09T18:42:26+00:00\" \/>\n<meta name=\"twitter:card\" content=\"summary_large_image\" \/>\n<meta name=\"twitter:label1\" content=\"Est. reading time\" \/>\n\t<meta name=\"twitter:data1\" content=\"1 minute\" \/>\n<script type=\"application\/ld+json\" class=\"yoast-schema-graph\">{\"@context\":\"https:\/\/schema.org\",\"@graph\":[{\"@type\":\"WebPage\",\"@id\":\"https:\/\/labs.uthscsa.edu\/rsh\/agenda\/\",\"url\":\"https:\/\/labs.uthscsa.edu\/rsh\/agenda\/\",\"name\":\"Agenda - Harris Lab\",\"isPartOf\":{\"@id\":\"https:\/\/labs.uthscsa.edu\/rsh\/#website\"},\"datePublished\":\"2025-08-13T12:33:28+00:00\",\"dateModified\":\"2026-02-09T18:42:26+00:00\",\"breadcrumb\":{\"@id\":\"https:\/\/labs.uthscsa.edu\/rsh\/agenda\/#breadcrumb\"},\"inLanguage\":\"en-US\",\"potentialAction\":[{\"@type\":\"ReadAction\",\"target\":[\"https:\/\/labs.uthscsa.edu\/rsh\/agenda\/\"]}]},{\"@type\":\"BreadcrumbList\",\"@id\":\"https:\/\/labs.uthscsa.edu\/rsh\/agenda\/#breadcrumb\",\"itemListElement\":[{\"@type\":\"ListItem\",\"position\":1,\"name\":\"Home\",\"item\":\"https:\/\/labs.uthscsa.edu\/rsh\/\"},{\"@type\":\"ListItem\",\"position\":2,\"name\":\"Agenda\"}]},{\"@type\":\"WebSite\",\"@id\":\"https:\/\/labs.uthscsa.edu\/rsh\/#website\",\"url\":\"https:\/\/labs.uthscsa.edu\/rsh\/\",\"name\":\"Harris Lab\",\"description\":\"Harris Lab\",\"potentialAction\":[{\"@type\":\"SearchAction\",\"target\":{\"@type\":\"EntryPoint\",\"urlTemplate\":\"https:\/\/labs.uthscsa.edu\/rsh\/?s={search_term_string}\"},\"query-input\":{\"@type\":\"PropertyValueSpecification\",\"valueRequired\":true,\"valueName\":\"search_term_string\"}}],\"inLanguage\":\"en-US\"}]}<\/script>\n<!-- \/ Yoast SEO plugin. -->","yoast_head_json":{"title":"Agenda - Harris Lab","robots":{"index":"index","follow":"follow","max-snippet":"max-snippet:-1","max-image-preview":"max-image-preview:large","max-video-preview":"max-video-preview:-1"},"canonical":"https:\/\/labs.uthscsa.edu\/rsh\/agenda\/","og_locale":"en_US","og_type":"article","og_title":"Agenda - Harris Lab","og_description":"[vc_row][vc_column width=&#8221;2\/3&#8243;][vc_column_text css=&#8221;&#8221;]The first session begins at 4:30 PST on Wednesday and the conference concludes with the awards banquet on Friday night. 2026 speakers from academia and industry include: Ryan Abdella, University of Minnesota, USA Sarat Chandarlapaty, Memorial Sloan Kettering Cancer Center, USA Javier Di Noia, Montreal Clinical Research Institute (IRCM), Canada Catriona Jamieson, University [&hellip;]","og_url":"https:\/\/labs.uthscsa.edu\/rsh\/agenda\/","og_site_name":"Harris Lab","article_modified_time":"2026-02-09T18:42:26+00:00","twitter_card":"summary_large_image","twitter_misc":{"Est. reading time":"1 minute"},"schema":{"@context":"https:\/\/schema.org","@graph":[{"@type":"WebPage","@id":"https:\/\/labs.uthscsa.edu\/rsh\/agenda\/","url":"https:\/\/labs.uthscsa.edu\/rsh\/agenda\/","name":"Agenda - Harris Lab","isPartOf":{"@id":"https:\/\/labs.uthscsa.edu\/rsh\/#website"},"datePublished":"2025-08-13T12:33:28+00:00","dateModified":"2026-02-09T18:42:26+00:00","breadcrumb":{"@id":"https:\/\/labs.uthscsa.edu\/rsh\/agenda\/#breadcrumb"},"inLanguage":"en-US","potentialAction":[{"@type":"ReadAction","target":["https:\/\/labs.uthscsa.edu\/rsh\/agenda\/"]}]},{"@type":"BreadcrumbList","@id":"https:\/\/labs.uthscsa.edu\/rsh\/agenda\/#breadcrumb","itemListElement":[{"@type":"ListItem","position":1,"name":"Home","item":"https:\/\/labs.uthscsa.edu\/rsh\/"},{"@type":"ListItem","position":2,"name":"Agenda"}]},{"@type":"WebSite","@id":"https:\/\/labs.uthscsa.edu\/rsh\/#website","url":"https:\/\/labs.uthscsa.edu\/rsh\/","name":"Harris Lab","description":"Harris Lab","potentialAction":[{"@type":"SearchAction","target":{"@type":"EntryPoint","urlTemplate":"https:\/\/labs.uthscsa.edu\/rsh\/?s={search_term_string}"},"query-input":{"@type":"PropertyValueSpecification","valueRequired":true,"valueName":"search_term_string"}}],"inLanguage":"en-US"}]}},"_links":{"self":[{"href":"https:\/\/labs.uthscsa.edu\/rsh\/wp-json\/wp\/v2\/pages\/793","targetHints":{"allow":["GET"]}}],"collection":[{"href":"https:\/\/labs.uthscsa.edu\/rsh\/wp-json\/wp\/v2\/pages"}],"about":[{"href":"https:\/\/labs.uthscsa.edu\/rsh\/wp-json\/wp\/v2\/types\/page"}],"author":[{"embeddable":true,"href":"https:\/\/labs.uthscsa.edu\/rsh\/wp-json\/wp\/v2\/users\/45"}],"replies":[{"embeddable":true,"href":"https:\/\/labs.uthscsa.edu\/rsh\/wp-json\/wp\/v2\/comments?post=793"}],"version-history":[{"count":0,"href":"https:\/\/labs.uthscsa.edu\/rsh\/wp-json\/wp\/v2\/pages\/793\/revisions"}],"wp:attachment":[{"href":"https:\/\/labs.uthscsa.edu\/rsh\/wp-json\/wp\/v2\/media?parent=793"}],"wp:term":[{"taxonomy":"category","embeddable":true,"href":"https:\/\/labs.uthscsa.edu\/rsh\/wp-json\/wp\/v2\/categories?post=793"}],"curies":[{"name":"wp","href":"https:\/\/api.w.org\/{rel}","templated":true}]}}